{"id":4081,"date":"2026-01-09T09:33:32","date_gmt":"2026-01-09T09:33:32","guid":{"rendered":"https:\/\/gudilicious.pt\/loja\/?post_type=product&#038;p=4081"},"modified":"2026-01-20T17:30:01","modified_gmt":"2026-01-20T17:30:01","slug":"box-snack-time","status":"publish","type":"product","link":"https:\/\/gudilicious.pt\/loja\/product\/box-snack-time\/","title":{"rendered":"Box Snack Time"},"content":{"rendered":"<p>Sele\u00e7\u00e3o de Snacks &#8211; Mini salgados, Guacamole com Nachos, Burrata com Tomate Cherry, Charcutaria, P\u00e3o, Broa, Queijo, Fruta, Frutos Secos, Azeitonas, Chocolate.<\/p>\n","protected":false},"excerpt":{"rendered":"<p>Sele\u00e7\u00e3o de Snacks &#8211; Mini salgados, Guacamole com Nachos, Burrata com Tomate Cherry, Charcutaria, P\u00e3o, Broa, Queijo, Fruta, Frutos Secos, Azeitonas, Chocolate.<\/p>\n","protected":false},"featured_media":4084,"template":"","meta":{"inline_featured_image":false},"product_brand":[],"product_cat":[111,33],"product_tag":[],"class_list":{"0":"post-4081","1":"product","2":"type-product","3":"status-publish","4":"has-post-thumbnail","6":"product_cat-boxes","7":"product_cat-salgados","8":"description-off","10":"first","11":"instock","12":"taxable","13":"shipping-taxable","14":"purchasable","15":"product-type-simple"},"_links":{"self":[{"href":"https:\/\/gudilicious.pt\/loja\/wp-json\/wp\/v2\/product\/4081","targetHints":{"allow":["GET"]}}],"collection":[{"href":"https:\/\/gudilicious.pt\/loja\/wp-json\/wp\/v2\/product"}],"about":[{"href":"https:\/\/gudilicious.pt\/loja\/wp-json\/wp\/v2\/types\/product"}],"wp:featuredmedia":[{"embeddable":true,"href":"https:\/\/gudilicious.pt\/loja\/wp-json\/wp\/v2\/media\/4084"}],"wp:attachment":[{"href":"https:\/\/gudilicious.pt\/loja\/wp-json\/wp\/v2\/media?parent=4081"}],"wp:term":[{"taxonomy":"product_brand","embeddable":true,"href":"https:\/\/gudilicious.pt\/loja\/wp-json\/wp\/v2\/product_brand?post=4081"},{"taxonomy":"product_cat","embeddable":true,"href":"https:\/\/gudilicious.pt\/loja\/wp-json\/wp\/v2\/product_cat?post=4081"},{"taxonomy":"product_tag","embeddable":true,"href":"https:\/\/gudilicious.pt\/loja\/wp-json\/wp\/v2\/product_tag?post=4081"}],"curies":[{"name":"wp","href":"https:\/\/api.w.org\/{rel}","templated":true}]}}