{"id":2869,"date":"2022-12-06T22:57:56","date_gmt":"2022-12-06T22:57:56","guid":{"rendered":"http:\/\/gudilicious.pt\/loja\/?post_type=product&#038;p=2869"},"modified":"2025-11-14T10:40:59","modified_gmt":"2025-11-14T10:40:59","slug":"mini-croissants-com-queijo-fiambre-de-aves","status":"publish","type":"product","link":"https:\/\/gudilicious.pt\/loja\/product\/mini-croissants-com-queijo-fiambre-de-aves\/","title":{"rendered":"Mini Croissants com Fiambre de Aves"},"content":{"rendered":"","protected":false},"excerpt":{"rendered":"<p>Cont\u00e9m gl\u00faten. Sem lactose nem a\u00e7\u00facar.<\/p>\n","protected":false},"featured_media":3743,"template":"","meta":{"inline_featured_image":false},"product_brand":[],"product_cat":[33,34],"product_tag":[],"class_list":{"0":"post-2869","1":"product","2":"type-product","3":"status-publish","4":"has-post-thumbnail","6":"product_cat-salgados","7":"product_cat-mini-sandes","8":"description-off","10":"first","11":"instock","12":"taxable","13":"shipping-taxable","14":"purchasable","15":"product-type-simple"},"_links":{"self":[{"href":"https:\/\/gudilicious.pt\/loja\/wp-json\/wp\/v2\/product\/2869","targetHints":{"allow":["GET"]}}],"collection":[{"href":"https:\/\/gudilicious.pt\/loja\/wp-json\/wp\/v2\/product"}],"about":[{"href":"https:\/\/gudilicious.pt\/loja\/wp-json\/wp\/v2\/types\/product"}],"wp:featuredmedia":[{"embeddable":true,"href":"https:\/\/gudilicious.pt\/loja\/wp-json\/wp\/v2\/media\/3743"}],"wp:attachment":[{"href":"https:\/\/gudilicious.pt\/loja\/wp-json\/wp\/v2\/media?parent=2869"}],"wp:term":[{"taxonomy":"product_brand","embeddable":true,"href":"https:\/\/gudilicious.pt\/loja\/wp-json\/wp\/v2\/product_brand?post=2869"},{"taxonomy":"product_cat","embeddable":true,"href":"https:\/\/gudilicious.pt\/loja\/wp-json\/wp\/v2\/product_cat?post=2869"},{"taxonomy":"product_tag","embeddable":true,"href":"https:\/\/gudilicious.pt\/loja\/wp-json\/wp\/v2\/product_tag?post=2869"}],"curies":[{"name":"wp","href":"https:\/\/api.w.org\/{rel}","templated":true}]}}