{"id":2712,"date":"2022-11-17T23:50:41","date_gmt":"2022-11-17T23:50:41","guid":{"rendered":"http:\/\/gudilicious.pt\/loja\/?post_type=product&#038;p=2712"},"modified":"2025-11-14T11:13:30","modified_gmt":"2025-11-14T11:13:30","slug":"bagel-salmao-fumado-queijo-creme-rucula-e-tomate-seco","status":"publish","type":"product","link":"https:\/\/gudilicious.pt\/loja\/product\/bagel-salmao-fumado-queijo-creme-rucula-e-tomate-seco\/","title":{"rendered":"Mini Bagel Salm\u00e3o Fumado, Queijo Creme, R\u00facula e Tomate Seco"},"content":{"rendered":"<p>Cores \u00e0 escolha: Tradicional, rosa, amarelo, verde e azul.<\/p>\n<p>A quantidade m\u00ednima de encomenda deste produto \u00e9 de 6 unidades.<\/p>\n","protected":false},"excerpt":{"rendered":"<p>Cont\u00e9m lactose e gl\u00faten. Sem a\u00e7\u00facar.<\/p>\n","protected":false},"featured_media":2983,"template":"","meta":{"inline_featured_image":false},"product_brand":[],"product_cat":[33,34],"product_tag":[],"class_list":{"0":"post-2712","1":"product","2":"type-product","3":"status-publish","4":"has-post-thumbnail","6":"product_cat-salgados","7":"product_cat-mini-sandes","8":"description-off","10":"first","11":"instock","12":"taxable","13":"shipping-taxable","14":"purchasable","15":"product-type-variable"},"_links":{"self":[{"href":"https:\/\/gudilicious.pt\/loja\/wp-json\/wp\/v2\/product\/2712","targetHints":{"allow":["GET"]}}],"collection":[{"href":"https:\/\/gudilicious.pt\/loja\/wp-json\/wp\/v2\/product"}],"about":[{"href":"https:\/\/gudilicious.pt\/loja\/wp-json\/wp\/v2\/types\/product"}],"wp:featuredmedia":[{"embeddable":true,"href":"https:\/\/gudilicious.pt\/loja\/wp-json\/wp\/v2\/media\/2983"}],"wp:attachment":[{"href":"https:\/\/gudilicious.pt\/loja\/wp-json\/wp\/v2\/media?parent=2712"}],"wp:term":[{"taxonomy":"product_brand","embeddable":true,"href":"https:\/\/gudilicious.pt\/loja\/wp-json\/wp\/v2\/product_brand?post=2712"},{"taxonomy":"product_cat","embeddable":true,"href":"https:\/\/gudilicious.pt\/loja\/wp-json\/wp\/v2\/product_cat?post=2712"},{"taxonomy":"product_tag","embeddable":true,"href":"https:\/\/gudilicious.pt\/loja\/wp-json\/wp\/v2\/product_tag?post=2712"}],"curies":[{"name":"wp","href":"https:\/\/api.w.org\/{rel}","templated":true}]}}