{"id":2911,"date":"2023-02-16T12:43:10","date_gmt":"2023-02-16T12:43:10","guid":{"rendered":"http:\/\/gudilicious.pt\/loja\/?page_id=2911"},"modified":"2023-05-04T23:13:41","modified_gmt":"2023-05-04T22:13:41","slug":"politica-de-privacidade","status":"publish","type":"page","link":"https:\/\/gudilicious.pt\/loja\/politica-de-privacidade\/","title":{"rendered":"Pol\u00edtica de Privacidade"},"content":{"rendered":"<div class=\"wpb-content-wrapper\"><p>[vc_row][vc_column css=&#8221;.vc_custom_1676550219325{padding-bottom: 20px !important;}&#8221;][vc_custom_heading text=&#8221;POL\u00cdTICA DE PRIVACIDADE&#8221; font_container=&#8221;tag:h1|text_align:center|color:%233f2d1f&#8221; google_fonts=&#8221;font_family:Amatic%20SC%3Aregular%2C700|font_style:700%20bold%20regular%3A700%3Anormal&#8221;][\/vc_column][\/vc_row][vc_row][vc_column][vc_custom_heading text=&#8221;Para aceder ao website GUDILICIOUS n\u00e3o necessita de disponibilizar os seus dados. A GUDILICIOUS tem como pilar basilar a preocupa\u00e7\u00e3o da seguran\u00e7a dos seus utilizadores e clientes, pelo que est\u00e1 sujeita ao cumprimento da Pol\u00edtica de Privacidade, protegendo a privacidade dos nossos clientes e a confidencialidade dos seus dados pessoais. O consumidor deve reler os termos e condi\u00e7\u00f5es em cada utiliza\u00e7\u00e3o a fim de verificar se concorda com os mesmos.<\/p>\n<p>A GUDILICIOUS recolhe as informa\u00e7\u00f5es dos consumidores quando estes permitem a partilha de dados, efetuam compras na loja online, criam uma conta para futuramente adquirirem produtos de forma mais eficaz ou quando avaliam produtos\/ d\u00e3o feedbacks.&#8221; font_container=&#8221;tag:h5|text_align:left&#8221; google_fonts=&#8221;font_family:Roboto%3A100%2C100italic%2C300%2C300italic%2Cregular%2Citalic%2C500%2C500italic%2C700%2C700italic%2C900%2C900italic|font_style:400%20regular%3A400%3Anormal&#8221; css=&#8221;.vc_custom_1683238041530{padding-bottom: 20px !important;}&#8221;][vc_custom_heading text=&#8221;Dados Pessoais&#8221; font_container=&#8221;tag:h5|text_align:left&#8221; google_fonts=&#8221;font_family:Roboto%3A100%2C100italic%2C300%2C300italic%2Cregular%2Citalic%2C500%2C500italic%2C700%2C700italic%2C900%2C900italic|font_style:700%20bold%20regular%3A700%3Anormal&#8221;][vc_custom_heading text=&#8221;A GUDILICIOUS garante o respeito pelo tratamento e privacidade dos seus dados.<\/p>\n<p>Ao adquirir produtos ou servi\u00e7os no website GUDILICIOUS, poderemos proceder \u00e0 recolha de alguns dados pessoais, mediante o seu consentimento, de modo a nos ser poss\u00edvel facilitar o contacto com o consumidor e identific\u00e1-lo.<\/p>\n<p>Informa\u00e7\u00f5es obrigat\u00f3rias:<br \/>\n\u2022\tNome<br \/>\n\u2022\tN\u00famero de telefone ou telem\u00f3vel<br \/>\n\u2022\tMorada (Apt.\/ Suite\/ Andar, C\u00f3digo Postal e poss\u00edveis instru\u00e7\u00f5es)<br \/>\n\u2022\tCookies<br \/>\n\u2022\tEndere\u00e7o de correio eletr\u00f3nico<br \/>\n\u2022\tData de nascimento<br \/>\n\u2022\tDados de pagamento<br \/>\n\u2022\tInforma\u00e7\u00e3o geral (para preenchimento de question\u00e1rios de satisfa\u00e7\u00e3o)<\/p>\n<p>Em caso de falta destes dados, a GUDILICIOUS informar\u00e1 os seus consumidores que os respetivos dados acima mencionados s\u00e3o de natureza obrigat\u00f3ria para se proceder \u00e0 compra do seu produto ou servi\u00e7o.<\/p>\n<p>Nos termos da legisla\u00e7\u00e3o imposta na GUDILICIOUS os dados recolhidos ser\u00e3o processados e armazenados informaticamente, tendo em vista as seguintes finalidades:<\/p>\n<p>\u2022\tCriar conta no website para poder usufruir dos produtos que oferecemos;<br \/>\n\u2022\tContacto com os utilizadores que solicitem o servi\u00e7o de apoio ao cliente e sempre que se verifique a necessidade de contactar o cliente;<br \/>\n\u2022\tComunica\u00e7\u00e3o de informa\u00e7\u00f5es sobre produtos ou servi\u00e7os;<br \/>\n\u2022\tRealiza\u00e7\u00e3o de question\u00e1rios e inqu\u00e9ritos para efeitos estat\u00edsticos;<br \/>\n\u2022\tRealiza\u00e7\u00e3o de campanhas de marketing direto e publicidade.<\/p>\n<p>Caso o Utilizador queira alterar o modo de tratamento dos seus dados poder\u00e1 enviar um e-mail para geral@gudilicious.pt e indicar a sua altera\u00e7\u00e3o.&#8221; font_container=&#8221;tag:h5|text_align:left&#8221; google_fonts=&#8221;font_family:Roboto%3A100%2C100italic%2C300%2C300italic%2Cregular%2Citalic%2C500%2C500italic%2C700%2C700italic%2C900%2C900italic|font_style:400%20regular%3A400%3Anormal&#8221; css=&#8221;.vc_custom_1683238223758{padding-bottom: 20px !important;}&#8221;][vc_custom_heading text=&#8221;Consumidor&#8221; font_container=&#8221;tag:h5|text_align:left&#8221; google_fonts=&#8221;font_family:Roboto%3A100%2C100italic%2C300%2C300italic%2Cregular%2Citalic%2C500%2C500italic%2C700%2C700italic%2C900%2C900italic|font_style:700%20bold%20regular%3A700%3Anormal&#8221;][vc_custom_heading text=&#8221;O consumidor deve garantir que todos os dados pessoais fornecidos s\u00e3o verdadeiros e compromete-se a notificar a GUDILICIOUS para qualquer altera\u00e7\u00e3o dos mesmos.<\/p>\n<p>\u00c9 de inteira responsabilidade do consumidor perdas ou danos nos produtos, resultantes de informa\u00e7\u00e3o errada, inexata ou incompleta do preenchimento da informa\u00e7\u00e3o obrigat\u00f3ria de registo.<br \/>\n&#8221; font_container=&#8221;tag:h5|text_align:left&#8221; google_fonts=&#8221;font_family:Roboto%3A100%2C100italic%2C300%2C300italic%2Cregular%2Citalic%2C500%2C500italic%2C700%2C700italic%2C900%2C900italic|font_style:400%20regular%3A400%3Anormal&#8221; css=&#8221;.vc_custom_1683238354562{padding-bottom: 20px !important;}&#8221;][vc_custom_heading text=&#8221;Altera\u00e7\u00f5es do tratamento de dados pessoais&#8221; font_container=&#8221;tag:h5|text_align:left&#8221; google_fonts=&#8221;font_family:Roboto%3A100%2C100italic%2C300%2C300italic%2Cregular%2Citalic%2C500%2C500italic%2C700%2C700italic%2C900%2C900italic|font_style:700%20bold%20regular%3A700%3Anormal&#8221;][vc_custom_heading text=&#8221;Nos termos da legisla\u00e7\u00e3o portuguesa aplic\u00e1vel, o consumidor tem o direito de aceder aos seus dados pessoais podendo solicitar a sua altera\u00e7\u00e3o para o e-mail geral@gudilicious.pt<\/p>\n<p>O consumidor pode-se opor ao tratamento dos seus dados no que concerne \u00e0 sua elimina\u00e7\u00e3o para fins de marketing, \u00e0 exce\u00e7\u00e3o dos dados considerados obrigat\u00f3rios e necess\u00e1rios para se poder proceder \u00e0 presta\u00e7\u00e3o do servi\u00e7o ou produto.<\/p>\n<p>Caso tenha alguma d\u00favida acerca da Pol\u00edtica de Cookies ou sobre a forma de como a GUDILICIOUS recolhe e trata os seus dados pessoais poder\u00e1 contactar-nos atrav\u00e9s do e-mail geral@gudilicious.pt<br \/>\n&#8221; font_container=&#8221;tag:h5|text_align:left&#8221; google_fonts=&#8221;font_family:Roboto%3A100%2C100italic%2C300%2C300italic%2Cregular%2Citalic%2C500%2C500italic%2C700%2C700italic%2C900%2C900italic|font_style:400%20regular%3A400%3Anormal&#8221; css=&#8221;.vc_custom_1683238409615{padding-bottom: 20px !important;}&#8221;][\/vc_column][\/vc_row]<\/p>\n<\/div>","protected":false},"excerpt":{"rendered":"<p>[vc_row][vc_column css=&#8221;.vc_custom_1676550219325{padding-bottom: 20px !important;}&#8221;][vc_custom_heading text=&#8221;POL\u00cdTICA DE PRIVACIDADE&#8221; font_container=&#8221;tag:h1|text_align:center|color:%233f2d1f&#8221; google_fonts=&#8221;font_family:Amatic%20SC%3Aregular%2C700|font_style:700%20bold%20regular%3A700%3Anormal&#8221;][\/vc_column][\/vc_row][vc_row][vc_column][vc_custom_heading text=&#8221;Para aceder ao website GUDILICIOUS n\u00e3o necessita de disponibilizar os seus dados. A GUDILICIOUS tem como pilar basilar a preocupa\u00e7\u00e3o da seguran\u00e7a dos seus utilizadores e clientes, pelo que est\u00e1 sujeita ao cumprimento da Pol\u00edtica de Privacidade, protegendo a privacidade dos nossos clientes e a confidencialidade&hellip;<\/p>\n","protected":false},"author":1,"featured_media":0,"parent":0,"menu_order":30,"comment_status":"closed","ping_status":"closed","template":"","meta":{"inline_featured_image":false,"footnotes":""},"class_list":["post-2911","page","type-page","status-publish","hentry","description-off"],"_links":{"self":[{"href":"https:\/\/gudilicious.pt\/loja\/wp-json\/wp\/v2\/pages\/2911","targetHints":{"allow":["GET"]}}],"collection":[{"href":"https:\/\/gudilicious.pt\/loja\/wp-json\/wp\/v2\/pages"}],"about":[{"href":"https:\/\/gudilicious.pt\/loja\/wp-json\/wp\/v2\/types\/page"}],"author":[{"embeddable":true,"href":"https:\/\/gudilicious.pt\/loja\/wp-json\/wp\/v2\/users\/1"}],"replies":[{"embeddable":true,"href":"https:\/\/gudilicious.pt\/loja\/wp-json\/wp\/v2\/comments?post=2911"}],"version-history":[{"count":6,"href":"https:\/\/gudilicious.pt\/loja\/wp-json\/wp\/v2\/pages\/2911\/revisions"}],"predecessor-version":[{"id":2923,"href":"https:\/\/gudilicious.pt\/loja\/wp-json\/wp\/v2\/pages\/2911\/revisions\/2923"}],"wp:attachment":[{"href":"https:\/\/gudilicious.pt\/loja\/wp-json\/wp\/v2\/media?parent=2911"}],"curies":[{"name":"wp","href":"https:\/\/api.w.org\/{rel}","templated":true}]}}